?
False
Suppose -3*g + j = -904 + 122, 5*g - 2*j = 1302. Suppose -g - 396 = -2*u. Is u prime?
False
Let g = -98844 - -157153. Is g composite?
False
Let h(a) = 103*a**3 + 5*a**2 - 4*a + 3. Let r be h(2). Suppose -6053 + r = -6*y. Is y prime?
False
Let p(z) = -z**3 - 6*z**2 - 4*z - 2. Let a be p(-4). Let h = 14 + a. Is (152 - 3)/(h/(-4)) prime?
True
Suppose 4*a = -5 + 77. Let g = a + -13. Suppose -u - 5*l = -152, -g*u = -10*u + l + 630. Is u a composite number?
False
Let j(q) = -97*q**3 + 4*q**2 + 3. Let b be j(-2). Suppose s - p = -3*s + 630, 5*s - b = 5*p. Is s composite?
False
Let x be ((-1 - -2) + -2)*2. Let l be x/(-6)*-1*-6. Suppose l*t - 4*t + 70 = 0. Is t prime?
False
Let z = -1 - -4871. Suppose -d = 9*d - z. Is d a composite number?
False
Let m(k) = -k**3 - 12*k**2 + 16*k + 8. Let l = -16 + 4. Let c be m(l). Is c/(-2) - (-4 - -7) composite?
False
Suppose 0 = 7*n - 10*n + 276. Let p = 28 - n. Let j = -38 - p. Is j a composite number?
True
Suppose -8 = -135*n + 133*n. Is n*-1*2/8 - -740 a prime number?
True
Let t = 4918 - -4691. Is t a composite number?
True
Let r be 4/(24/9363)*-2. Let h = r - -7958. Is h prime?
False
Let g be (1/(-1))/(7/21). Let q be ((-9)/g)/(-9)*-9. Is 950/q - (-2)/6 composite?
False
Is 1/((-13)/(-10207)) + (-10)/65 a composite number?
True
Suppose -a = 5*m - 24048, 2*a = -0*m + 4*m - 19230. Let v = 8078 - m. Is v a prime number?
False
Let l(v) = 3*v - 8. Let j be l(6). Is (4/j)/(10/1475) a prime number?
True
Let q(c) = -c. Let r be q(-5). Suppose -s - 756 = -3*v, s = r*v - 667 - 595. Is v prime?
False
Let u(g) = g**3 - 5*g**2 - 8*g + 10. Let l be u(5). Is 2/(-3) + (-13730)/l a prime number?
True
Let u(i) = -268*i + 3. Let z be (-5)/((-2)/(4 + -6)). Is u(z) prime?
False
Let f(q) = 0*q - 2*q - 2*q**2 + 0*q + 1 + 24*q**3. Let j be f(2). Let z = -92 + j. Is z prime?
True
Suppose -7*z = -54849 - 9992. Is z prime?
False
Let i(d) = -d. Let g be i(0). Suppose -r + n + 3*n + 222 = g, -3*r = n - 705. Let b = -67 + r. Is b composite?
False
Let k = 9775 - 4986. Is k composite?
False
Suppose -14 = 5*s - 49. Suppose 3*d - 8 = s. Is 1537/d - (-14)/(-35) prime?
True
Suppose -2*r = 9 - 19. Suppose r*n + 3004 = 9*n. Is n a composite number?
False
Let w be 6/(-2) - (1 + -8). Is (293/w)/(2/8) a prime number?
True
Let g = -1 + -1. Let h be (-88)/(-9) - g/9. Is 2688/h - (-1)/5 composite?
False
Let m = -23 + 25. Is (-1022)/6*(-3 - (m + -2)) composite?
True
Is 12453 - (-16)/(-24)*-12 prime?
False
Let g = 93 + -187. Is -4*(g/4 - -3) a prime number?
False
Let y = 3186 + -1000. Suppose -5*b + 3*i = -5504, 4*b + 4*i - y = 2*b. Is b a prime number?
False
Let b(g) = -10*g + 2. Let w be b(-2). Suppose -23*q = -w*q - 9. Suppose -5*l - 20 = 0, -4*t + q*t - l = 2259. Is t a composite number?
True
Let l = 6466 - -15405. Is l prime?
True
Let g be -27*38*(-1)/6. Let s be 65*(-2 - 0)*(0 - 2). Let b = s - g. Is b composite?
False
Let a = 1196 + -2485. Is 2/1 + -6 + (-3 - a) a prime number?
False
Suppose -4*q + 4*o = o, -3*q + 5 = -o. Suppose -6 = -3*v - q. Is ((-1905)/10)/(v/(-2)) prime?
False
Let k = 32483 - -19188. Is k a composite number?
True
Let d(y) = 71*y + 5. Let v be d(7). Suppose 0*q + v = -2*q. Let b = -18 - q. Is b a composite number?
False
Let k(d) = -d**3 - 3*d**2 - 6*d - 2. Let i be k(-4). Let x(f) = -54*f**2 + f. Let g be x(-1). Let s = i - g. Is s a prime number?
False
Let d be (-57)/(-9) + 1/(-3). Suppose -o = -d*o + 955. Suppose 3*p - 2*p = -2*y + o, 4*y - 4*p - 400 = 0. Is y prime?
True
Let d(h) = 326*h**3 - 5*h**2 + 7*h - 5. Let f be d(2). Let o = f - 1558. Is o composite?
False
Let h(m) = -m**2 - 8*m - 2. Let t be h(-6). Let u be (-12)/(-20) - 6/t. Is 92 - (u/4 - -1) a prime number?
False
Suppose 0 = -3*b - 3*t + 31143, 4*t - 7 = 1. Is b a composite number?
True
Let d(h) be the second derivative of -h**5/20 - 13*h**4/12 + h**3/6 + 6*h**2 - 2*h. Let n be d(-13). Is 220 + -10 + (n - 0) a prime number?
False
Suppose -8*h + 17*h = 162. Is h/(-7) + 3 - 6060/(-21) composite?
True
Let l = 5601 + 502. Is l a composite number?
True
Let o = -56 - 524. Let a = o - -852. Suppose 3*l - 2*u - 389 = 0, -5*l - 5*u = -343 - a. Is l a prime number?
True
Let y be (-17449)/5 + (-2)/10. Let u = -1896 - y. Suppose 2*v = -5*n + u, 4*v - 2*v = -2*n + 1582. Is v composite?
False
Let h(g) = g**3 - 7*g**2 - 10*g - 8. Let k be h(8). Is ((-138)/k)/((-2)/(-8)) a composite number?
False
Let s(x) = 282*x**3 - 2*x - 4*x - x**2 + 3 + 7*x. Is s(2) composite?
True
Suppose 2*o + 73 = 2*r - 7*r, 3 = 3*o. Suppose 3*a = 25 - 10. Is ((-186)/a)/(6/r) a prime number?
False
Let m(u) = -u**2 + 16*u - 8. Let p be m(16). Let b be (28 - -8)*p/(-6). Let o = 83 - b. Is o a prime number?
False
Let u be (-6)/(-10) - 2874/15. Let r(n) = -3*n**3 + 5*n**2 - 5*n - 7. Let d be r(5). Let y = u - d. Is y a prime number?
False
Suppose -28*t + 625944 = -4*t. Is t composite?
True
Is 1 + (-3)/2 - (-324709)/22 a prime number?
True
Suppose -6*s - 411 = -v - 2*s, -3*s = 3*v - 1263. Is v a composite number?
False
Let i(w) = -3*w**2 - 2*w**2 - 18*w - 7*w + 7*w - w**3 - 7. Is i(-10) a composite number?
False
Let v(l) = 225*l + 1. Suppose -2 = 4*q - 6. Is v(q) a prime number?
False
Let a be (1/1)/((-3)/(-12)). Suppose 4*o + a = 12. Suppose 0 = u - 3*u + o, -4*u = -w + 61. Is w a composite number?
True
Let o = 8 - 3. Suppose -4*z - o*g + 728 + 1496 = 0, 1118 = 2*z + 4*g. Is z a composite number?
True
Suppose 2*g - j - 14904 = 0, 4*j - 3983 - 10911 = -2*g. Is g a composite number?
False
Let o(f) = -4*f**2 + 55*f + 10 + 113*f**3 - 3*f**2 - 53*f + f**2. Is o(3) a prime number?
False
Let c be 30/20*(-2)/3. Let s be 0 - (3 - 0)*c. Suppose 0 = s*z - 0*z - 267. Is z composite?
False
Let q = -30 - -44. Let g(t) = -3*t + 4*t - 3 + 13*t - 8. Is g(q) a composite number?
True
Is 175960/14 + 51/119 composite?
False
Let t(z) = -z**3 - 10*z**2 - z - 10. Let j be t(-10). Suppose j*g - 2*g = -638. Is g a prime number?
False
Suppose -2*s + 3*p = -20, 0*s - 3*p - 24 = -3*s. Let f be (11 - 3)*1 - s. Let k(a) = 12*a**2 - 2*a + 1. Is k(f) a composite number?
True
Suppose -12*q - 31 = -7. Is q/10 + (-347412)/(-85) composite?
True
Suppose -4*y + 5192 = -0*y. Let d be y/4 - 2/4. Let h = 905 - d. Is h a composite number?
True
Suppose -25*p - 191635 + 1810310 = 0. Is p a prime number?
True
Let r(m) = 617*m**2 - 1. Is r(-4) prime?
True
Suppose -11*f + 13*f - 212618 = -2*k, 3*f = -4*k + 318927. Is f a composite number?
True
Let k = -151 + 156. Let o be (-2175)/(-2) - 1/2. Suppose -28 = -k*q + o. Is q a prime number?
True
Suppose 12 = 2*k + 4*u, -3*u = -5*k + 22 + 47. Suppose -l = -792 - k. Suppose -7*q = -3*q - l. Is q a composite number?
True
Suppose 66*c - 67*c + 1807 = -2*z, -3*c + 5441 = -2*z. Is c prime?
False
Let n = 21 - 16. Suppose -n*q + 816 + 1279 = -5*b, 0 = -5*b - 20. Is q a prime number?
False
Suppose -r = -u - 1319, 3*r - 723 = -3*u + 3234. Is r prime?
True
Suppose 0 = 9*b - 5*b - 4*v - 7792, 2*b = 3*v + 3901. Is b a composite number?
True
Let r(c) = -2*c**3 + 3*c**2 + 5. Is r(-6) prime?
False
Let p = -3 + 8. Let t = p - 3. Suppose -y = 3, -112 = -t*b - 3*y + y. Is b a prime number?
True
Let k = -26 + 35. Suppose -k*a = -3557 - 2446. Is a composite?
True
Let r(o) = -o**3 - 15*o**2 + 30*o + 21. Let i = -86 - -63. Is r(i) a composite number?
True
Is 2*(-501246)/24*14/(-21) a prime number?
True
Suppose 135023 = 45*u - 38*u. Is u a composite number?
False
Let f(q) = 1782*q**2 + 2*q - 1. Is f(1) prime?
True
Let r = 28 + -10. Let g(k) = k**3 - 16*k**2 - 18*k - 7. Is g(r) prime?
True
Suppose -a = 2*u - 3979, a + 3*u - 3967 = 5*u. Is a composite?
True
Suppose 44 - 14 = 6*p. Let x(j) = 45*j**2 - 3*j + 9. Is x(p) composite?
True
Suppose 36 = -3*s + 9*s. Is (s/4)/(33/40942) composite?
False
Suppose 0 = k - 0 - 1, f + 5*k = 12. Suppose -5*u = -u - 20. Suppose -f = 3*x - 1, 2*r - 18 = -u*x. Is r a composite number?
True
Suppose -52*o + 7134 = -46*o. Is o a prime number?
False
Let a(d) = d**3 + 11*d**2 - 2*d - 9. Suppose 3*x - 3 = 2*b - 4*b, b = -5*x + 5. Suppose x - 11 = i. Is a(i) composite?
True
Suppose 329 = -5*h - 5*v + 1474, -5*v = 4*h - 918. Suppose -4 + h = k. Is k prime?
True
Suppose -4 + 0 = -4*a. Let c = 178 - 63. Is (c/15)/(a/3) a composite number?
False
Let x be ((-24)/(-20))/((-6)/(-40)). Let y(r) = -r + 6. Let 